) = -18*m - 15. Is r(p) prime?
False
Suppose -28*t - 3857 = -35*t. Is t prime?
False
Is (-372)/(-27) - 6/(-27) a composite number?
True
Suppose f = 4*b + 244, 2*f + 103 + 189 = -5*b. Let o = 134 - b. Is o a composite number?
True
Suppose w + 6 = -z, 4*z - 3 = 4*w + 5. Is 1/(3*w/(-636)) a prime number?
True
Suppose -3*j + 5*u = -776, -2*u = 1 + 1. Is j composite?
False
Suppose -5*q + 32 = -q. Suppose 4*o + 2*t = 8, -2*o + 6*o + 4*t - q = 0. Suppose 2*n = -3*n, -22 = -a - o*n. Is a a prime number?
False
Let n be 4529 - -2*(1 - 3). Suppose 9*u = 4*u + n. Is u composite?
True
Let z(i) = 5*i. Let c be z(5). Suppose -3*y - y + 2*n + 8 = 0, 0 = 4*n. Suppose -y = r - c. Is r a prime number?
True
Let p be (-1 + (-15)/(-9))*-3. Is 4/(p + 0) - -117 a prime number?
False
Suppose -7*f + 150 + 319 = 0. Suppose -v + 62 = 3*l, -v + 3 = -5*l - f. Is v a composite number?
True
Let v(q) = -q**3 + 3*q**2 - 2*q - 26. Is v(-7) a composite number?
True
Let g = -112 + 39. Let m = -48 - g. Is m a prime number?
False
Is -3*12/54 + (-2105)/(-3) a composite number?
False
Let o be 1*(9 - (-8)/(-2)). Suppose o*q - 49 = 1016. Is q a composite number?
True
Let i(f) be the first derivative of f**4/4 + 7*f**3/3 + 3*f**2 + 2*f - 3. Is i(-4) prime?
False
Suppose -y - 3*h + 49 = -160, -2*h = -4*y + 808. Is y composite?
True
Let h = -65 + 224. Suppose 4*n + 4*b - 21 - 103 = 0, 5*n + 3*b - h = 0. Is n a prime number?
False
Let l = -28 - 20. Let y = l - -153. Suppose q - 6*q + y = 0. Is q composite?
True
Let r = 6 - -47. Is r prime?
True
Suppose 4*y = 4 + 40. Is (2/(-5))/(y/(-1705)) composite?
True
Let x = 799 - 2267. Is 6/4 + x/(-8) composite?
True
Suppose -10*c + 4*c = -5442. Is c prime?
True
Suppose 5*v + 2*w - 14 = 0, -4 = -4*v - v + 3*w. Let m be (v/4)/(2/492). Suppose -y + 5*y - m = -3*t, y = -4*t + 151. Is t a prime number?
True
Suppose 0 = -4*k + 5*v - 4, -3*k + 5*v + 0 = 3. Let q(w) be the third derivative of 31*w**5/60 - w**2. Is q(k) a prime number?
True
Suppose 3*z - 2 - 4 = 0. Suppose -2*m = z*d - 124, 2*m + 4*d - 151 = -37. Is m a prime number?
True
Suppose 0*j + 52 = 4*j. Suppose o - j = 46. Is o prime?
True
Suppose 2*s - 431 = 3*x, -2*s + 0*x + 407 = 5*x. Is s composite?
False
Let k(b) = b**3 + 25*b**2 - 14*b - 23. Is k(-24) a composite number?
True
Let v = 4880 - 3319. Is v a prime number?
False
Suppose -5*b = -4*z + 12, -z = 3*z - 2*b - 12. Is -1 + z + (326 - -1) prime?
False
Suppose -6835 = u - 6*u. Is u a prime number?
True
Let r(f) = 0*f**2 + 3*f + 4 + 2*f**2 - 3 - f. Is r(10) prime?
False
Suppose 0 = -12*g + 2004 + 1248. Is g prime?
True
Suppose -5*a - 11 = 3*i, -i - 2*i + 3*a - 3 = 0. Let d(n) = 1 - 3*n**2 - 11*n + 11*n - 6*n**3. Is d(i) a composite number?
False
Let m(f) = -814*f + 1. Is m(-1) a prime number?
False
Suppose 0 = 4*s - s - 18. Suppose -2*w - w + s = 0. Suppose 28 = -0*f + w*f. Is f a prime number?
False
Suppose -8*k + 526 = 86. Is k composite?
True
Suppose -4*m = 3*r - 2221, -5*r + 3711 = -0*m + 2*m. Is r prime?
True
Let k = 0 - 0. Let l = 7 - 5. Suppose -l*o - o + 69 = k. Is o a prime number?
True
Let y(c) = 4*c**3 - 2*c. Let w(h) = -h. Let t(g) = 2*w(g) - y(g). Let m be t(-1). Suppose -x = -m*x + 102. Is x a composite number?
True
Let y(c) = -1 + 15*c + 5*c + 5*c + 6*c. Let l = 11 + -5. Is y(l) a prime number?
False
Let v be ((-12)/(-14))/((-1)/7). Let u(k) = k**3 + 5*k**2 - 7*k - 2. Let q be u(v). Suppose -q*r - 295 = -9*r. Is r a prime number?
True
Let z = 92 - -120. Suppose -x - 9 + z = 0. Is x a prime number?
False
Let b be (-60)/16 - (-1)/(-4). Is (522/1 - -3) + b a composite number?
False
Suppose -2*m - 3*v + 225 = 0, 0 = 5*m + v - 4*v - 573. Let d = m + -21. Is d composite?
True
Is (3 - 0) + 0 - -251 composite?
True
Let z be -1907 + (-1 + -1 - -1). Let i = -1351 - z. Is i a prime number?
True
Let g(h) = -5 + 2*h**3 - 4*h**3 + 13*h + 13*h**2 + 3*h**3. Is g(-11) prime?
False
Is (-3694*2/(-4))/1 a prime number?
True
Suppose -5*h = 2*r + 23, 2*r - 4*h - 3 = 1. Is r/(-8)*-2 + 58 a composite number?
True
Let o = -15 - -9. Let i = o - -8. Is i a composite number?
False
Let m(f) = f**3 - 5*f**2 - 10*f + 7. Let q be m(7). Let h = q - -92. Is h prime?
True
Let i(b) = 37 + 2*b - 2*b - b. Let g be i(0). Is g/(4 + -1 + -2) a prime number?
True
Suppose 388 = -7*r + 9*r. Is r a prime number?
False
Let v = -3 + 6. Is (v + -2*1)*15 a prime number?
False
Let o(t) = -t**2 - 7*t - 4. Let u be o(-6). Suppose -5*b - u - 8 = 0. Is (-283)/b + 3/(-6) a prime number?
False
Suppose 11 = 3*g + 2. Suppose -p + g*p = 36. Let s = 43 - p. Is s prime?
False
Suppose -2*y = -5*y + 150. Suppose -l + 22 = -r - y, 0 = -5*l - 3*r + 320. Is l prime?
True
Suppose 2*r + 2 = -4. Let v = r + 5. Suppose 5*y + v*i - 121 = 0, -2*y - y = 2*i - 75. Is y prime?
True
Suppose 0 = 2*i - 8, 0 = 3*u - 2*i - 39 - 13. Suppose u = f - 14. Is f prime?
False
Suppose 2*o - 3*r = 9, -2*r = o + 2 - 10. Suppose -4*u + o*u = -4*b + 510, 0 = -5*u + 5. Is b a prime number?
True
Let g(v) = -8*v - 17. Is g(-18) composite?
False
Let a(u) = 26*u**2 - 4*u - 1. Is a(3) a prime number?
False
Let f = 65 + -39. Suppose -3*p = -745 - f. Is p a composite number?
False
Suppose 4 = -s, 3*q - 2851 = -2*q - s. Is q prime?
True
Let s be 0 + (0 - 2 - 5). Let n = -5 - s. Suppose n*w = -d + w + 72, 4*w = -5*d + 365. Is d a composite number?
True
Let g(u) be the first derivative of u**2/2 + 2*u - 1. Let p be g(4). Suppose 4*z = p*z - 50. Is z prime?
False
Suppose -j + 10 = -4*g - 5, 0 = 4*g + 3*j + 35. Let m(i) = 3*i**3 + 3. Let q(b) = -4*b**3 + b**2 - 4. Let k(w) = g*q(w) - 6*m(w). Is k(5) a prime number?
True
Let i = -64 + -54. Let s = i + 203. Is s a prime number?
False
Suppose 0 = 2*t + 5*v - 63, 78 = 4*t - 2*v + 12. Is t composite?
False
Let f = -50 + 163. Suppose 287 = 5*k + t, -2*k - t + f = -0*t. Let y = 9 + k. Is y a prime number?
True
Let l(b) = -b**3 - 11*b**2 - 10*b + 7. Is l(-10) prime?
True
Suppose 4*b + 0*b - 1708 = 0. Let s = b - 160. Is s a composite number?
True
Suppose -d + 311 = -824. Is d prime?
False
Let l(f) = 19*f - 2. Let g = 11 + -8. Is l(g) a prime number?
False
Let w = 7 - 4. Let i(m) = -m**3 - 7*m**2 - 8*m - 8. Let z be i(-6). Suppose z*g + 5*p = 518, -3*p - 389 = -w*g - 7*p. Is g a composite number?
False
Is ((-485)/10)/((-1)/2) a prime number?
True
Suppose -23 = -4*u - 3*h, 5*h + 0*h = 25. Suppose t + 2*t = 2*b + 157, -u*b + 55 = t. Is t a composite number?
False
Let q(w) = 52*w + 1. Is q(10) a composite number?
False
Let j be (3 + 0)/3*36. Is (-7)/((-7)/j) + 1 a prime number?
True
Let w = 7 + 3. Is (-2)/w - 446/(-5) prime?
True
Suppose d - 41 + 6 = 0. Suppose 21 = 2*a - d. Suppose 4 = -2*h - 2*p - 0*p, h - 5*p = a. Is h composite?
False
Let b be (-4)/6 - 8540/(-30). Suppose p = -p + b. Is p prime?
False
Let m(o) = -o**3 - 6*o**2 - 2*o - 8. Let j be m(-6). Suppose j*n - 17 = -177. Let t = 75 + n. Is t a composite number?
True
Let g(t) = 3*t + 4. Let p = 4 + 2. Suppose 4*l - 16 = 2*y, 0*l - 2*y - p = -2*l. Is g(l) composite?
False
Let r = -1 - -7. Let n(k) = -7*k**3 + 13*k**2 - 9*k + 6. Let w(p) = p**3 - p**2 + p - 1. Let v(y) = r*w(y) + n(y). Is v(5) prime?
False
Let q = 982 - 689. Is q a prime number?
True
Suppose 0 = -4*j + c + 14871, 2*j - c = c + 7428. Is j composite?
False
Let i be (18/(-3))/(9/48). Let r = 63 + i. Is r a prime number?
True
Suppose 2*o = r - 1355, 4774 - 676 = 3*r + 5*o. Is r a prime number?
True
Let v = 2356 - 1467. Is v a prime number?
False
Suppose 2*o = 97 + 919. Suppose 3*w - h - 406 = h, 4*h - o = -4*w. Suppose -x = 5*r - 24, 5*x - w = 2*x + 5*r. Is x prime?
False
Let q(v) = -14*v**2. Suppose 7*n = 3*n + 8. Let b be q(n). Let c = b + 81. Is c a composite number?
True
Let z be (6/(-5 - -3))/1. Let m be -27 - 3*2/z. Is 2/(-10) - 380/m prime?
False
Suppose 5*n = 2*p + 3*p + 365, 267 = 4*n + p. Is (n/6)/((-4)/(-12)) prime?
False
Let f(u) = 143*u + 48. Is f(11) composite?
False
Suppose -m = -2*u + 7 + 6, 2*m = u - 20. Let n(d) = 13 + 3*d + 0*d - 7*d. Is n(m) composite?
True
Suppose -285 = -2*d + 5*l + 1127, 0 = -5*d - 5*l + 3495. Is d a prime number?
True
Let h(y) = y**2 + 6*y + 7. Let v be h(-3). Let l = 51 - v. Is l a composite number?
False
Let h = 285 + -34. Is h a prime number?
True
Let i be 2 + 0 + 4/(-2). Suppose -4*t = 8, 4*h + i*t + 4*t + 16 = 0. Is h/(-1